Let c be h(2). Let s(w) = 4*w**2 - 1. What are the prime factors of s(c)?
3
Suppose t - 2*t + 16 = 0. Suppose -2*d = -6*d + t. Let c(m) = m**2 - 3*m - 1. What are the prime factors of c(d)?
3
Suppose 0 = -2*x + 11 + 19. Suppose 2*u = 6, -5*b + x = -4*b + 5*u. Suppose b*l = -l + 4*g + 19, 4*l + 5*g = -8. List the prime factors of l.
3
Suppose -2*f = -4*j + 6, -3*f - 2*j = -7*j + 12. Let h = f - -16. List the prime factors of h.
7
Let n(o) = 12*o**3 - o - 4*o**2 + 4*o**2. What are the prime factors of n(1)?
11
Suppose 24 = j + j. Suppose 0 = -3*a + 2*a + 1, 2*x = 2*a + j. List the prime factors of x.
7
Suppose 4*o - 83 = 4*b - b, -b = 2*o - 29. Suppose -3*m + o = -13. What are the prime factors of m?
2, 5
Let n = -31 - -43. What are the prime factors of n?
2, 3
Suppose 3*w + 7 = -2*y + 75, 5*w = -2*y + 112. Suppose 3*g = g + w. What are the prime factors of g?
11
Let x = -36 + 12. Let z = -10 - x. List the prime factors of z.
2, 7
Let u = -4 + 7. Suppose n - 36 = -5*b - 0*n, -36 = -u*b + 3*n. List the prime factors of b.
2
Let n be ((-4)/8)/((-3)/36). Suppose 0 = -c - n + 18. What are the prime factors of c?
2, 3
What are the prime factors of (-278)/(-6) - (-4)/(-12)?
2, 23
Suppose o = -0*o + 8. Let q(i) = -2*i + o*i**3 + i**2 + 0*i - 3*i**3 - 1 + 3*i. List the prime factors of q(1).
2, 3
Suppose -10*a + 9*a + 8 = 0. List the prime factors of a.
2
Let n = 15 + -4. Suppose 4 = i - 3*o, -2*i - 5*o + n = 3. List the prime factors of i.
2
Suppose 0 = 3*a - 3*r - 21, -2*a - 5*r - 23 = -3*a. Let h be (9/(-6))/(a/28). Let o = h + 24. List the prime factors of o.
2, 5
Let p(k) = -k**3 - 13*k**2 + 3*k + 1. Let l(n) = n**2 + n + 1. Let v(q) = 5*l(q) + p(q). List the prime factors of v(-9).
3, 5
Suppose -4*p + 1 + 11 = 0. Suppose 2*x + 17 = -5*k, p*k - 5 = -4*x - x. What are the prime factors of x?
2
Let d = 255 + -135. What are the prime factors of d?
2, 3, 5
Suppose 0 = -3*t - 3*i + 48, i = 5*t - 3*i - 98. Let z = 9 + -7. Suppose z*l - t = l. List the prime factors of l.
2, 3
Suppose 3*q + 2 = -1. Let f = -1 - q. What are the prime factors of 18/6*(f + 2)?
2, 3
Suppose -2*d = 23 - 183. What are the prime factors of d?
2, 5
Let b(h) = -h**2 - h. Let z(q) = q**3 - 2*q**2 - 10*q - 6. Let x(n) = 4*b(n) - z(n). List the prime factors of x(-4).
2, 7
List the prime factors of 6/4*6 + 0.
3
Suppose -3 = -2*s + 3. What are the prime factors of -6*-1*s/6?
3
Suppose 0 = 5*y - y - 44. Let j(w) = 3*w - 16. List the prime factors of j(y).
17
Let k be (-1)/((-7)/2)*7. Suppose -k*z = -33 - 31. List the prime factors of z.
2
Suppose h = -2*k + 459, 2*k - 5*h = 5*k - 706. What are the prime factors of k?
227
Suppose -785 + 105 = -4*t. List the prime factors of t.
2, 5, 17
Suppose -770 - 763 = -7*x. List the prime factors of x.
3, 73
Let m(v) = v**3 - 3*v**2 - 2*v - 10. What are the prime factors of m(7)?
2, 43
Suppose 0 = -2*b + 3 + 11. List the prime factors of 3 + b/((-21)/(-54)).
3, 7
Suppose 4*z - 2*u = 1658, -3*u + 5*u - 2086 = -5*z. List the prime factors of z.
2, 13
Suppose v = -29 - 78. Let b = v - -157. What are the prime factors of b?
2, 5
Let p(f) = 9*f**3 + 1. Let n = -1 + 7. Suppose 0 = 3*k + a - n, 2*k + 2*a + 10 = 6*a. List the prime factors of p(k).
2, 5
Suppose 5*o - 2*k - 160 = o, 0 = 3*o - k - 118. Suppose -u - 4 = -7. Suppose -4*h + o = l, h + u*h = l + 34. List the prime factors of h.
3
Suppose 6*j + 7*j - 312 = 0. What are the prime factors of j?
2, 3
Let n be ((-6)/(-2))/(3/2). Suppose -4*w + 6 = -n*w. Suppose -4*v - 2*z + 36 = 0, -4*z = -w*v - 0*z + 49. List the prime factors of v.
11
Let z(y) = y**3 - y**2 - 3*y + 1. Let k be (0 + 1)/(5/(-15)). Let i = k - -6. What are the prime factors of z(i)?
2, 5
Let u = 1 - -3. Suppose 2*f + 2*p - 4 = 0, f + p = -3*f + 8. Suppose -u*j + 50 = -b, f*b = 3*j - 5*j + 20. List the prime factors of j.
2, 3
Let f(a) be the second derivative of -a**5/20 + 5*a**4/6 + 11*a**3/6 + a**2/2 + a. Let j be f(11). List the prime factors of j/(1*3/6).
2
Suppose 3*q = -2*q + 10. Suppose n + q*x = 8 + 6, -n + 5*x = 0. List the prime factors of n.
2, 5
Let v(g) = -g**2 + 12*g - 5. List the prime factors of v(8).
3
Let r be 0 + 4 - (-1 + 3). Let x be -22*(r + 10/(-4)). Let h = x - 7. What are the prime factors of h?
2
Suppose -5 = -4*o - 5*q, -2*q - 19 = -5*o - 4*q. Suppose 10*s - 60 = o*s. Suppose -3*n + s = -0*n. What are the prime factors of n?
2
Suppose 3*v - 4*v = -w + 4, -5*v - 16 = -3*w. Suppose -5*q + 15 = -5. Suppose 22 - w = q*x. What are the prime factors of x?
5
Let g be (2/3)/(4/24). Suppose 5*m = -5*l + 135, -g*l - 11 = -m - l. What are the prime factors of m?
23
Let s be 2 + 0 - 0/(-6). Let w = s + 0. Suppose 2 = w*d - 22. List the prime factors of d.
2, 3
Suppose 5*u + 5 = 2*n, -n + 3*n - 32 = -4*u. Suppose -5*k = 3*t - n, -3*k - 5 + 3 = t. List the prime factors of t.
2, 5
Suppose 424 = 4*l - 356. List the prime factors of l.
3, 5, 13
Let m(a) = 1 - 1 + a**3 - 4*a**2 + 9*a - 2 - 11*a. List the prime factors of m(5).
13
Suppose -8*p - 110 = -9*p. List the prime factors of p.
2, 5, 11
Let b(q) = q**3 + 2*q**2 + 2. Let p be b(-3). Let j = p - -11. Suppose -4*s = 3*r + 2*r - 8, -3*r = j*s. What are the prime factors of r?
2
Let b = 3 + -1. Suppose -3*h - 4*u + 23 = 0, -5*h + u = -b*u - 19. List the prime factors of h.
5
What are the prime factors of (-1)/(1/(-3))*(-219)/(-9)?
73
Suppose a - 6*p = -p + 122, -5*p + 346 = 3*a. What are the prime factors of a?
3, 13
Suppose -4*l + 54 = -2*l. List the prime factors of l.
3
Let b(x) = x**2 + 6*x + 9. What are the prime factors of b(-5)?
2
Suppose -6*j + 2*j = -72. Suppose u = -2*u - j. List the prime factors of 1 + 20/u*-3.
11
Let v be (-1 - -1) + -1 - 7. Let i = 3 + v. Let a(m) = -m + 3. What are the prime factors of a(i)?
2
Let p = 6 + -4. Suppose 2*n - 5*y - 18 = 0, 3*n + 5*y - 27 = p*y. What are the prime factors of n?
3
Let p(w) = w**2 + w + 7. What are the prime factors of p(6)?
7
Let i = -9 - -8. Let v = 14 - i. What are the prime factors of v?
3, 5
Let z(u) be the first derivative of 3*u**3 - u - 1. Suppose -3*g + 5 = 2*o, -4*o = -0*g - 4*g - 20. What are the prime factors of z(g)?
2
Suppose 14 = 3*n - 0*n + p, 0 = -n + 4*p - 17. Suppose n*v = 4*v - 15. List the prime factors of v.
3, 5
Let s = 6 - 4. Suppose 0 = -s*t - 10 + 50. What are the prime factors of t?
2, 5
Suppose -2*j + 4*j - 242 = 0. List the prime factors of j.
11
Let z = 2 - 0. Suppose 74 = z*o + 3*a, -o + a = -2*o + 35. List the prime factors of o.
31
What are the prime factors of (2 - 0/3)*177/2?
3, 59
Let c be 1 + (0 - -1)*10. Let u be 2/(-3) + 145/15. Suppose -u = -2*j + 2*s + 1, j = -s + c. List the prime factors of j.
2
Suppose -z + 41 + 9 = 0. List the prime factors of z.
2, 5
Let s(t) = 16*t - 3. List the prime factors of s(3).
3, 5
What are the prime factors of (-1)/(0 + (-2)/22)?
11
Suppose -l + 4*t = -6*l - 73, -3*l - 3*t = 45. Let b = 57 - 34. Let s = b + l. What are the prime factors of s?
2, 5
Let n(w) = -w**2 - 6*w + 5. Suppose -5*g - 5 = 20. Let x be n(g). What are the prime factors of x + (-1 - 0) + 2?
11
Let d = 80 + -61. List the prime factors of d.
19
Suppose 4*x - 3 = p, -4*p + 5 = x - 0*x. Let g = x - -13. List the prime factors of g.
2, 7
Let r = -68 - -59. Let w(a) = -2*a**3 - 9*a**2 + 22*a + 9. Let x(c) = -c**3 - 5*c**2 + 11*c + 4. Let u(b) = 3*w(b) - 7*x(b). List the prime factors of u(r).
17
Let h = 81 + -39. Let g = 71 - h. List the prime factors of g.
29
Let l = 575 + -317. List the prime factors of l.
2, 3, 43
Suppose -144 = -2*a + 4*o, -3*o = -2*a + 2*o + 145. List the prime factors of a.
2, 5, 7
Suppose -6*i = -4*i. Suppose -2*u = -i*u - 14. Suppose 2*c - 5 = u. What are the prime factors of c?
2, 3
Suppose -4*x - 3*f + 171 = 0, -5*x + 2*f + 46 + 185 = 0. List the prime factors of x.
3, 5
Let i = 266 + -187. List the prime factors of i.
79
Let h(o) = 10*o - 12. List the prime factors of h(6).
2, 3
Let n(h) = 4*h**2 - 2*h - 2. Suppose -m + 3*k = -9 - 3, -5*k - 6 = 3*m. Suppose 2*l = m*l - 2. What are the prime factors of n(l)?
2, 5
Let x(v) = 1 + 2*v + 0 + 0*v - 3*v + 4*v**2. List the prime factors of x(3).
2, 17
Let f(t) = -t**3 + 2*t**2 + 2*t - 1. Let h(p) = p**3 - 15*p**2 - p + 17. Let i be h(15). What are the prime factors of f(i)?
3
List the prime factors of (-57